 - 2*r - 2*r = -1. What is the remainder when 12 is divided by p?
5
Suppose t - 180 = -3*a, -2*a - 4*t + 0*t + 110 = 0. Calculate the remainder when a is divided by 22.
17
Let i be (-8)/(-6)*42/4. Let y = i - -18. Suppose h = 5*h - y. What is the remainder when h is divided by 3?
2
Let m = 6 + -4. Let z be 2/3 + (-134)/(-6). Suppose m*h - 17 = -5*u, -3*h + u = -h - z. What is the remainder when h is divided by 4?
3
Let k = 0 + 2. Suppose -k*l + 3*l - 1 = 0. Let x(z) = 14*z**2. Calculate the remainder when 40 is divided by x(l).
12
Let b(c) = 2*c - 12. Suppose 14 = 4*s - 18. Let n(f) = f**2 - 9*f + 11. Calculate the remainder when b(8) is divided by n(s).
1
Let z = 77 - 34. Calculate the remainder when z is divided by 9.
7
What is the remainder when ((-4)/(-10))/(2/90) is divided by 5?
3
Let u(z) = -z + 4. Suppose 2*j - j = 2. Let c be u(j). Suppose c*x - 6*x - 54 = -2*f, -4*f - 3*x = -152. Calculate the remainder when f is divided by 18.
17
Let z be (1 - 4 - -2)*11. Let i = 21 + z. Calculate the remainder when 25 is divided by -2 + (-6)/(-4)*i.
12
Let c(p) = p**2 - 7*p + 2. Let q be c(6). Suppose 5*o = 3*o + 42. Calculate the remainder when o is divided by (-45)/q - 4/16.
10
Suppose -4 = -k - o, 2*k + o - 19 = -2*k. Suppose k*u + 2*j - 57 = 0, -5*u - j + 54 = -2*j. Calculate the remainder when u is divided by 7.
4
Let h = 14 - 9. Suppose 4*z - 3 = 2*w + 5, -h*w + z = 2. Suppose 170 = 5*x - w*x. What is the remainder when x is divided by 12?
10
Let q be (-3)/(-15) + 48/(-15). Let z = q - -15. Let d = -3 + z. Calculate the remainder when d is divided by 4.
1
Let n = 40 + -21. Calculate the remainder when n is divided by 11.
8
Let o be (-1 - (2 + -3)) + 12. Let i(v) = v**2 + 6*v + 1. Let k be i(-6). Suppose l = o - k. What is the remainder when 32 is divided by l?
10
Suppose -301 = -3*h + 107. Suppose 4*z + z + 2*b = h, -2*z + b + 58 = 0. What is the remainder when 55 is divided by z?
27
Suppose 3 = z + 2*z. Let i(o) be the third derivative of o**4 + o**3/6 - o**2. Calculate the remainder when i(z) is divided by 13.
12
What is the remainder when ((-8)/8)/((-1)/(-538)*-2) is divided by 54?
53
Let d = -3 - 0. Let l = 7 + d. What is the remainder when l is divided by 2?
0
Let j(r) = 47*r**3 - 2*r + 1. Suppose -3*z + 19 = 4*v, -2*v + 5 = 3*z - 6. Calculate the remainder when j(z) is divided by 12.
10
Let g be (7 + -6)/(1/(-1)). What is the remainder when 0*(g - -2) + 59 is divided by 30?
29
Let n be ((-78)/(-9))/((-6)/(-9)). Let h = 31 - n. Suppose -3*x = 2*u - 28, -5*x - 7*u + 2*u + 45 = 0. What is the remainder when h is divided by x?
8
Suppose 0 = 5*w - 6 - 4. Suppose -3*y = -4 + 1. Calculate the remainder when w is divided by y.
0
Let v(t) = t**3 + 3*t**2 + 2*t + 2. Suppose x - 2*x = -1. Calculate the remainder when v(-2) is divided by x.
0
Let i = -16 - -28. What is the remainder when 46 is divided by i?
10
Let z be (-2 - 28)*(-14)/(-4). Let w = z + 151. What is the remainder when w is divided by 16?
14
Let q = -1382 - -952. What is the remainder when 1/6 + q/(-12) is divided by 13?
10
Suppose -4*a = -2*a - 206. Calculate the remainder when a is divided by 26.
25
Suppose 16 = a + 3*a. Suppose -5*t + b + 84 = a*b, -5*b - 64 = -3*t. Calculate the remainder when t is divided by 10.
8
Let k be 1/(3 + (-75)/24). Let x = 6 - k. Let f = -7 - -12. Calculate the remainder when x is divided by f.
4
Let z(q) = -q**3 - 8*q**2 - 8*q - 5. Let i be -2 + (-1 + -6 - -2). Let m be z(i). Suppose -1 - 7 = -m*n. Calculate the remainder when 11 is divided by n.
3
Let s(f) = 23*f**2 - 3*f + 2. Let w be s(2). Suppose -r + w = -3*r. What is the remainder when 12 is divided by 2/11 - 212/r?
2
Let h = 13 + -3. Suppose -2*n + 5*v + 69 = -27, -5*v = -4*n + 172. Calculate the remainder when n is divided by h.
8
Let m(n) = -3*n - 7. Let a = 49 - 29. Suppose -4*i = a - 0. Calculate the remainder when m(i) is divided by 3.
2
Suppose 0 = 4*m - 17*m + 377. Calculate the remainder when m is divided by 6.
5
Let z(q) = q + 1. Let w = -2 + 20. Let n be (-208)/(-36) + 4/w. What is the remainder when 11 is divided by z(n)?
4
Let d(u) = -u**3 + 8*u**2 + 2. Let c be d(7). Suppose -3*g + c = -15. What is the remainder when g is divided by ((-9)/(-4))/(6/32)?
10
Let w(u) = u**2 + 6*u - 2. Calculate the remainder when 81 is divided by w(2).
11
Let r = -34 - -47. Calculate the remainder when 49 is divided by r.
10
Suppose -t + 8 = 3*t. Let x = t + 20. Suppose 108 = 5*o - x. What is the remainder when o is divided by 9?
8
Let d(j) = -j**2 + 6*j + 10. Let z be 12*(-1)/2*-2. Suppose -c + 3*w + 20 + 2 = 0, z = c - w. Calculate the remainder when c is divided by d(7).
1
Suppose m - 2 + 0 = 0. Let o = 6 + m. Let q(s) = -s + 22. What is the remainder when q(8) is divided by o?
6
Suppose -4*f = f + 50. Let l(w) = -2*w - 13. What is the remainder when 19 is divided by l(f)?
5
Let i(x) = 2*x + 24. Calculate the remainder when i(16) is divided by 12.
8
Suppose -2 = o + 5*k, 0*k - 6 = 3*o + 4*k. Calculate the remainder when 17 is divided by (2/5)/(o/(-50)).
7
What is the remainder when 22 + 3*4/4 is divided by 13?
12
Let r = -11 - -25. What is the remainder when 39 is divided by r?
11
Calculate the remainder when (-6)/(-3) + 39/1 is divided by 6.
5
Suppose -6*m + 50 = -76. What is the remainder when m is divided by 5?
1
Suppose -4*o - 5*c = -49 + 4, 0 = -4*o + 4*c. Suppose y + 0 = 6. Let a(g) = g**2 - 5*g + 7. Calculate the remainder when a(y) is divided by o.
3
Suppose 4*o = -8*p + 4*p + 576, 0 = 2*p - 2*o - 308. What is the remainder when p is divided by 15?
14
Suppose 0*f + 5 = f. Suppose d - 3*t = f + 5, -d + 4*t = -12. Calculate the remainder when 6 is divided by d.
2
Let g = 2 - -2. Let c be (-2)/(-11) + (-6)/33. Suppose -h + 5*h - 8 = c. What is the remainder when g is divided by h?
0
Let i(y) = -y**3 + 10*y**2 - 9*y + 4. Let q be i(9). Let a = 71 - q. What is the remainder when a is divided by 17?
16
Let g = -29 - -44. Let p(v) = -v**3 + 9*v**2 - 9*v + 9. What is the remainder when p(7) is divided by g?
14
Suppose 112 = 4*p + 20. Calculate the remainder when 778/18 - 4/18 is divided by p.
20
Let j be ((-43)/(-3))/((-4)/(-12)). Suppose 5*r + 4*i - j = 0, -4*r - 4*i = -6*i - 50. What is the remainder when 31 is divided by r?
9
Calculate the remainder when 53 is divided by 6 + -2 - (-14)/1.
17
Let k(u) = 5*u + 2. Suppose 3*r - 33 = 2*r. What is the remainder when r is divided by k(3)?
16
Let u = -12 - -17. Suppose -u*t = -t - 68. What is the remainder when 65 is divided by t?
14
Let y(s) = s**3 - 7*s**2 + 10*s + 9. Calculate the remainder when y(5) is divided by 3.
0
Suppose 4*g = -3*x + 21, -3*g + 2*x + 13 = -24. What is the remainder when 16 is divided by g?
7
Let p = -33 - -41. Calculate the remainder when 19 is divided by p.
3
Let b(s) = s**2 - 5*s - 4. Let x(h) = -h**2 - 8*h - 8. Calculate the remainder when x(-6) is divided by b(6).
0
Let z(j) = j**3 + j**2 + 35. Let q be (3/6)/(-1)*-8. Suppose -3*y + 9 = -r + 2*r, r + q*y - 8 = 0. What is the remainder when z(0) is divided by r?
11
Let w(i) = -i**2 + 7. Let a be w(0). Suppose -4*x + 85 = 33. What is the remainder when x is divided by (a + (-4 - -2))/1?
3
Suppose -a = -o + 3*o - 19, -a - 5*o + 28 = 0. Calculate the remainder when 28 is divided by a.
2
Let x(k) = 4*k**2 + 1. Let c be 3*6/27*-9. Let u = c - -7. Calculate the remainder when 9 is divided by x(u).
4
Let n(p) = 4*p + 1. What is the remainder when n(2) is divided by 3?
0
Suppose 0*p - 5*y = -3*p + 52, p - 15 = 4*y. Calculate the remainder when (-18625)/(-500) + (3/4 - 1) is divided by p.
18
Suppose -9 - 74 = -c. What is the remainder when c is divided by 21?
20
Let g = 329 - 122. Suppose g = 5*a - 233. Calculate the remainder when a is divided by 30.
28
Let w be (2/4)/((-3)/(-186)). Let y = -12 + w. What is the remainder when y is divided by 11?
8
Let q = 1 + 3. Let d(h) = -2 - 2*h - 3 + 0*h. Calculate the remainder when q is divided by d(-4).
1
Let r = 7 + 16. What is the remainder when 35 is divided by r?
12
Suppose -4*l + 39 = 3. Suppose -5*z + 21 = -l. Suppose y - 80 = -5*q, -60 - 5 = -5*q - 4*y. Calculate the remainder when q is divided by z.
5
Let l(r) = -r**3 + 7*r**2 + 9*r. Let x be l(8). Suppose 4*v + 0*v = -12, -s + x = -v. Calculate the remainder when 19 is divided b